 divided by 81.
71
Calculate the remainder when 1005 is divided by 24.
21
Calculate the remainder when 1684 is divided by 45.
19
What is the remainder when 5299 is divided by 19?
17
What is the remainder when 123 is divided by 25?
23
What is the remainder when 300 is divided by 66?
36
Calculate the remainder when 214 is divided by 3.
1
What is the remainder when 93 is divided by 16?
13
Calculate the remainder when 7218 is divided by 95.
93
What is the remainder when 125 is divided by 16?
13
What is the remainder when 251 is divided by 40?
11
Calculate the remainder when 287 is divided by 39.
14
What is the remainder when 187 is divided by 5?
2
Calculate the remainder when 1929 is divided by 7.
4
Calculate the remainder when 1239 is divided by 16.
7
What is the remainder when 4222 is divided by 24?
22
Calculate the remainder when 248 is divided by 60.
8
Calculate the remainder when 734 is divided by 105.
104
What is the remainder when 82 is divided by 21?
19
What is the remainder when 1680 is divided by 559?
3
What is the remainder when 491 is divided by 9?
5
What is the remainder when 251 is divided by 63?
62
Calculate the remainder when 945 is divided by 313.
6
What is the remainder when 433 is divided by 226?
207
What is the remainder when 177 is divided by 60?
57
What is the remainder when 577 is divided by 122?
89
What is the remainder when 4686 is divided by 23?
17
What is the remainder when 934 is divided by 12?
10
Calculate the remainder when 1196 is divided by 240.
236
Calculate the remainder when 634 is divided by 24.
10
What is the remainder when 2069 is divided by 46?
45
What is the remainder when 221 is divided by 6?
5
What is the remainder when 317 is divided by 3?
2
Calculate the remainder when 287 is divided by 12.
11
What is the remainder when 1197 is divided by 100?
97
Calculate the remainder when 159 is divided by 24.
15
What is the remainder when 1439 is divided by 356?
15
Calculate the remainder when 5625 is divided by 256.
249
Calculate the remainder when 73 is divided by 65.
8
What is the remainder when 829 is divided by 25?
4
What is the remainder when 788 is divided by 133?
123
What is the remainder when 36 is divided by 13?
10
Calculate the remainder when 246 is divided by 46.
16
What is the remainder when 198 is divided by 76?
46
Calculate the remainder when 235 is divided by 103.
29
Calculate the remainder when 350 is divided by 9.
8
What is the remainder when 336 is divided by 112?
0
Calculate the remainder when 8017 is divided by 4.
1
What is the remainder when 235 is divided by 14?
11
Calculate the remainder when 31 is divided by 1.
0
What is the remainder when 20 is divided by 12?
8
Calculate the remainder when 168 is divided by 55.
3
Calculate the remainder when 125 is divided by 18.
17
What is the remainder when 246 is divided by 134?
112
What is the remainder when 153 is divided by 79?
74
What is the remainder when 321 is divided by 26?
9
What is the remainder when 467 is divided by 17?
8
Calculate the remainder when 360 is divided by 160.
40
What is the remainder when 919 is divided by 37?
31
Calculate the remainder when 21 is divided by 17.
4
What is the remainder when 2197 is divided by 110?
107
What is the remainder when 200 is divided by 37?
15
Calculate the remainder when 451 is divided by 41.
0
What is the remainder when 7595 is divided by 50?
45
What is the remainder when 127 is divided by 5?
2
What is the remainder when 2655 is divided by 1320?
15
What is the remainder when 123 is divided by 9?
6
Calculate the remainder when 1932 is divided by 382.
22
What is the remainder when 103 is divided by 38?
27
What is the remainder when 35419 is divided by 44?
43
What is the remainder when 397 is divided by 242?
155
What is the remainder when 68 is divided by 13?
3
What is the remainder when 360 is divided by 35?
10
Calculate the remainder when 226 is divided by 43.
11
What is the remainder when 1232 is divided by 125?
107
What is the remainder when 228 is divided by 24?
12
Calculate the remainder when 1508 is divided by 43.
3
What is the remainder when 80 is divided by 62?
18
Calculate the remainder when 1825 is divided by 456.
1
What is the remainder when 1103 is divided by 65?
63
Calculate the remainder when 107 is divided by 44.
19
What is the remainder when 1131 is divided by 60?
51
What is the remainder when 93 is divided by 6?
3
Calculate the remainder when 4104 is divided by 164.
4
What is the remainder when 1709 is divided by 36?
17
Calculate the remainder when 53 is divided by 11.
9
Calculate the remainder when 18 is divided by 2.
0
Calculate the remainder when 341 is divided by 49.
47
What is the remainder when 152 is divided by 60?
32
What is the remainder when 91 is divided by 7?
0
What is the remainder when 148 is divided by 51?
46
Calculate the remainder when 1320 is divided by 72.
24
Calculate the remainder when 1715 is divided by 93.
41
What is the remainder when 268 is divided by 16?
12
Calculate the remainder when 268 is divided by 30.
28
What is the remainder when 71 is divided by 3?
2
What is the remainder when 427 is divided by 84?
7
What is the remainder when 3185 is divided by 114?
107
What is the remainder when 524 is divided by 17?
14
What is the remainder when 96 is divided by 24?
0
What is the remainder when 810 is divided by 58?
56
Calculate the remainder when 319 is divided by 11.
0
What is the remainder when 10735 is divided by 11?
10
Calculate the remainder when 82 is divided by 56.
26
What is the remainder when 218 is divided by 84?
50
Calculate the remainder when 66 is divided by 30.
6
Calculate the remainder when 150 is divided by 30.
0
Calculate the remainder when 9885 is divided by 96.
93
What is the remainder when 1153 is divided by 197?
168
Calculate the remainder when 209 is divided by 118.
91
Calculate the remainder when 191 is divided by 8.
7
What is the remainder when 213 is divided by 139?
74
Calculate the remainder when 1090 is divided by 101.
80
What is the remainder when 4515 is divided by 34?
27
Calculate the remainder when 191 is divided by 89.
13
Calculate the remainder when 76 is divided by 29.
18
Calculate the remainder when 247 is divided by 79.
10
Calculate the remainder when 38 is divided by 11.
5
What is the remainder when 1333 is divided by 219?
19
What is the remainder when 64 is divided by 29?
6
What is the remainder when 1469 is divided by 98?
97
Calculate the remainder when 229 is divided by 46.
45
Calculate the remainder when 142 is divided by 95.
47
Calculate the remainder when 4444 is divided by 13.
11
Calculate the remainder when 186 is divided by 56.
18
Calculate the remainder when 356 is divided by 17.
16
Calculate the remainder when 1144 is divided by 9.
1
Calculate the remainder when 5638 is divided by 182.
178
Calculate the remainder when 360 is divided by 121.
118
Calculate the remainder when 12672 is divided by 195.
192
Calculate the remainder when 753 is divided by 364.
25
What is the remainder when 58526 is divided by 124?
122
Calculate the remainder when 1305 is divided by 7.
3
What is the remainder when 323 is divided by 25?
23
Calculate the remainder when 779 is divided by 23.
20
What is the remainder when 1063 is divided by 28?
27
Calculate the remainder when 635 is divided by 150.
35
What is the remainder when 983 is divided by 52?
47
What is the remainder when 56 is divided by 3?
2
Calculate the remainder when 423 is divided by 142.
139
What is the remainder when 571 is divided by 279?
13
What is the remainder when 70 is divided by 6?
4
Calculate the remainder when 464 is divided by 31.
30
What is the remainder when 35995 is divided by 13?
11
What is the remainder when 900 is divided by 896?
4
What is the remainder when 4935 is divided by 330?
315
Calculate the remainder when 1727 is divided by 18.
17
What is the remainder when 488 is divided by 337?
151
What is the remainder when 58 is divided by 18?
4
What is the remainder when 118 is divided by 62?
56
Calculate the remainder when 836 is divided by 320.
196
Calculate the remainder when 880 is divided by 222.
214
What is the remainder when 20 is divided by 7?
6
What is the remainder when 1531 is divided by 171?
163
Calculate the remainder when 504 is divided by 39.
36
What i